 of 3248271 and 468.
117
What is the greatest common factor of 2726 and 1189?
29
Calculate the greatest common factor of 3295 and 10.
5
What is the highest common factor of 3731 and 3362?
41
What is the greatest common divisor of 1008 and 20727?
63
Calculate the greatest common factor of 4692 and 94452.
204
What is the greatest common factor of 8333153 and 437?
437
What is the highest common factor of 50483 and 2242?
19
What is the greatest common divisor of 55 and 122947?
11
Calculate the highest common factor of 261892 and 843.
281
What is the highest common factor of 2326105 and 138?
23
What is the greatest common divisor of 4890 and 410?
10
What is the greatest common factor of 603 and 6566?
67
What is the greatest common factor of 2774296 and 214?
214
Calculate the greatest common factor of 134684 and 264.
44
Calculate the greatest common factor of 2016 and 100184.
56
Calculate the highest common divisor of 3174 and 2139.
69
What is the greatest common factor of 28 and 13092912?
28
What is the highest common factor of 16575 and 300?
75
Calculate the greatest common divisor of 90 and 2487690.
90
What is the greatest common divisor of 7663 and 1843?
97
Calculate the highest common divisor of 28 and 157948.
28
Calculate the highest common factor of 123 and 1932904.
41
Calculate the greatest common divisor of 23283 and 199.
199
Calculate the greatest common divisor of 264 and 7032.
24
What is the highest common factor of 416 and 36244?
52
What is the highest common factor of 720 and 33360?
240
What is the highest common factor of 6813 and 81?
9
What is the greatest common factor of 1285816 and 168?
56
What is the greatest common factor of 9669 and 429?
33
What is the highest common divisor of 2720238 and 306?
102
Calculate the greatest common factor of 1389 and 10155905.
463
Calculate the greatest common factor of 15015 and 795.
15
What is the greatest common divisor of 7167 and 78?
3
Calculate the highest common factor of 16 and 355640.
8
Calculate the highest common factor of 5917 and 1552.
97
Calculate the greatest common factor of 14879758 and 46.
46
What is the greatest common factor of 13 and 430729?
13
Calculate the greatest common factor of 114 and 38673.
3
Calculate the greatest common divisor of 3399265 and 1245.
415
What is the highest common factor of 5564 and 8560?
428
What is the highest common divisor of 860 and 18404?
172
Calculate the highest common factor of 303304 and 248.
248
What is the greatest common factor of 1072 and 95743?
67
Calculate the greatest common divisor of 503559 and 189.
63
What is the greatest common factor of 711 and 3?
3
What is the highest common divisor of 3165 and 795?
15
What is the highest common divisor of 8 and 727576?
8
What is the greatest common divisor of 1211340 and 3900?
780
Calculate the highest common divisor of 2095 and 110197.
419
What is the greatest common factor of 448 and 1372?
28
Calculate the greatest common divisor of 27705 and 435.
15
Calculate the highest common factor of 1692163 and 2431.
187
Calculate the highest common divisor of 88140 and 1248.
156
Calculate the highest common factor of 73253 and 5143.
139
What is the highest common factor of 18 and 69642?
18
Calculate the greatest common factor of 74125 and 200.
25
What is the highest common factor of 2860 and 8320?
260
What is the highest common factor of 900 and 28080?
180
Calculate the greatest common divisor of 983308 and 1172.
1172
What is the greatest common factor of 8488 and 292?
4
What is the highest common divisor of 3151 and 9179?
137
Calculate the highest common divisor of 379434 and 198.
66
What is the greatest common divisor of 351 and 6425172?
117
What is the greatest common divisor of 2914219 and 77?
77
What is the greatest common factor of 106410 and 6?
6
What is the highest common divisor of 280 and 5285?
35
Calculate the greatest common divisor of 122 and 549.
61
What is the greatest common factor of 401634 and 12402?
954
What is the greatest common divisor of 51475 and 30?
5
Calculate the greatest common divisor of 12505456 and 106.
106
What is the highest common divisor of 1488 and 2511?
93
What is the greatest common factor of 883956 and 228?
228
Calculate the greatest common divisor of 600 and 25725.
75
What is the greatest common factor of 498 and 59838?
6
What is the greatest common factor of 59613 and 43524?
93
What is the greatest common divisor of 22 and 5599?
11
Calculate the greatest common factor of 976 and 5904.
16
What is the highest common factor of 190 and 8640?
10
What is the highest common factor of 135 and 16902?
27
Calculate the highest common divisor of 130 and 436670.
130
Calculate the highest common divisor of 9 and 515331.
9
Calculate the greatest common divisor of 1546550 and 50.
50
Calculate the highest common factor of 430606 and 3036.
506
What is the highest common factor of 1204962 and 18?
6
What is the highest common factor of 196978 and 1192?
298
What is the greatest common factor of 63642 and 6?
6
Calculate the greatest common divisor of 1100 and 308.
44
Calculate the greatest common factor of 23 and 13497343.
23
What is the greatest common factor of 19322 and 2?
2
What is the greatest common factor of 22419 and 3816?
477
What is the greatest common divisor of 58094 and 155?
31
What is the highest common divisor of 20804 and 21547?
743
What is the highest common factor of 40 and 84648?
8
Calculate the highest common divisor of 646 and 1479663.
323
What is the highest common divisor of 28884 and 261?
87
Calculate the highest common divisor of 1100 and 78980.
220
Calculate the highest common divisor of 346715 and 85.
85
What is the greatest common factor of 430434 and 36?
18
What is the greatest common factor of 7674 and 9?
3
Calculate the greatest common factor of 2438 and 52470.
106
What is the greatest common divisor of 1146688 and 1216?
1216
Calculate the greatest common divisor of 16837 and 74947.
149
What is the greatest common divisor of 1617 and 587510?
539
What is the greatest common divisor of 8805 and 165?
15
What is the greatest common factor of 24 and 2590332?
12
Calculate the highest common divisor of 135 and 1828665.
45
Calculate the greatest common factor of 851 and 74.
37
Calculate the highest common factor of 320 and 349240.
40
What is the greatest common factor of 52651 and 481?
37
What is the highest common divisor of 680 and 320?
40
Calculate the highest common factor of 788396 and 4144.
1036
Calculate the highest common factor of 1486428 and 2328.
1164
What is the highest common divisor of 10635 and 1215?
15
Calculate the greatest common factor of 191607 and 468.
39
What is the greatest common divisor of 2001 and 455271?
87
Calculate the highest common factor of 1890 and 906780.
210
What is the greatest common factor of 352290 and 150?
30
What is the highest common divisor of 1695 and 428270?
565
What is the greatest common divisor of 3548 and 4?
4
Calculate the highest common divisor of 5383 and 21.
7
Calculate the greatest common divisor of 1328390 and 350.
70
Calculate the highest common divisor of 80 and 2456672.
16
Calculate the highest common divisor of 30 and 49685.
5
Calculate the highest common factor of 33 and 11132.
11
What is the highest common factor of 620 and 639530?
310
What is the greatest common factor of 39350 and 25?
25
What is the highest common factor of 67166 and 374?
22
Calculate the highest common factor of 41607 and 108.
27
Calculate the highest common factor of 164971 and 796.
199
What is the greatest common divisor of 73 and 42632?
73
What is the greatest common factor of 1026 and 1509246?
1026
What is the greatest common factor of 357 and 446097?
51
Calculate the greatest common factor of 2260 and 2683185.
565
What is the highest common factor of 264 and 117436?
44
Calculate the greatest common divisor of 1432 and 488.
8
Calculate the greatest common factor of 2072 and 1736.
56
What is the highest common factor of 790 and 17?
1
What is the highest common factor of 722 and 505761?
361
Calculate the highest common factor of 184 and 679190.
46
Calculate the highest common divisor of 651 and 4361.
7
Calculate the highest common factor of 11992 and 24.
8
Calculate the greatest common factor of 32838 and 13472.
842
Calculate 